s 577496666 a multiple of 13?
False
Is 97 a factor of 10655256?
True
Is 174 a factor of 130250931?
False
Is 3918541066 a multiple of 11?
True
Does 82 divide 4249158?
True
Does 4299 divide 360803934?
False
Is 14423355 a multiple of 1773?
True
Is 140 a factor of 9050580?
True
Does 9 divide 214585992?
True
Does 2275 divide 52687259?
False
Does 28 divide 75463372?
False
Is 10785 a factor of 1569803820?
False
Is 402206398 a multiple of 26?
False
Does 403 divide 170350518?
True
Is 50 a factor of 1002618550?
True
Does 69 divide 14410765?
False
Is 27868625 a multiple of 25?
True
Is 12 a factor of 115529193?
False
Is 50 a factor of 1049762231?
False
Does 20 divide 9722600?
True
Is 209 a factor of 91911094?
True
Is 29 a factor of 141573476?
True
Is 425689268 a multiple of 613?
True
Is 72696861 a multiple of 537?
False
Is 72124494 a multiple of 26?
True
Is 748 a factor of 21499764?
True
Is 330 a factor of 864625237?
False
Does 609 divide 2649754737?
True
Is 3147 a factor of 41062659?
False
Is 213 a factor of 1542355365?
True
Is 13427322 a multiple of 1953?
False
Is 2832602273 a multiple of 7?
False
Is 1326159059 a multiple of 12?
False
Does 1244 divide 1521138995?
False
Does 29 divide 14206342?
False
Is 916 a factor of 92353868?
True
Does 7 divide 55281691?
False
Is 63 a factor of 1985536708?
False
Is 621161092 a multiple of 28?
False
Does 2723 divide 197201984?
False
Does 93 divide 4654382439?
True
Is 409 a factor of 1817570233?
True
Does 14 divide 49203889?
False
Is 94272492 a multiple of 438?
True
Is 5 a factor of 1365302?
False
Does 11 divide 110522016?
True
Is 40845802 a multiple of 647?
False
Is 549256965 a multiple of 769?
False
Is 566008079 a multiple of 12?
False
Is 98779712 a multiple of 27?
False
Is 463250944 a multiple of 4?
True
Is 37171587 a multiple of 582?
False
Is 100 a factor of 5030629100?
True
Is 84144095 a multiple of 1257?
False
Is 32342144 a multiple of 32?
True
Does 2393 divide 496870555?
True
Is 53111930 a multiple of 739?
True
Does 976 divide 933297685?
False
Does 30 divide 255118841?
False
Is 800918282 a multiple of 81?
False
Does 51 divide 815749388?
False
Is 24 a factor of 121049866?
False
Is 28294821 a multiple of 93?
False
Is 9 a factor of 1166154498?
True
Is 1604 a factor of 437222454?
False
Is 503694577 a multiple of 39?
False
Is 734 a factor of 4818721?
False
Is 68 a factor of 39716825?
False
Does 4805 divide 2252341557?
False
Is 4565608 a multiple of 386?
True
Does 89 divide 5156717?
False
Is 7 a factor of 4296703?
False
Is 41 a factor of 461483126?
True
Is 776 a factor of 344646130?
False
Is 467 a factor of 346281058?
False
Is 2794403040 a multiple of 30?
True
Does 120 divide 354061440?
True
Is 33 a factor of 182168085?
True
Is 1101 a factor of 4978532628?
True
Does 4281 divide 874184312?
False
Is 1022 a factor of 1147552863?
False
Is 6544990 a multiple of 14?
False
Does 16 divide 464415936?
True
Does 25 divide 139051150?
True
Is 42675200 a multiple of 10?
True
Is 31336251 a multiple of 12?
False
Does 1018 divide 144996734?
False
Is 386 a factor of 69926988?
True
Does 93 divide 60571355?
False
Does 297 divide 109421037?
True
Is 2104888202 a multiple of 333?
False
Does 2941 divide 333071191?
True
Does 189 divide 554338512?
True
Does 21 divide 249285812?
False
Does 6542 divide 854869308?
True
Is 33804384 a multiple of 1184?
True
Does 331 divide 342741376?
False
Does 387 divide 15814755?
True
Does 3 divide 2995598?
False
Does 43 divide 3371472362?
True
Is 754276387 a multiple of 1380?
False
Is 23 a factor of 954739250?
False
Is 1223402199 a multiple of 222?
False
Is 24580836 a multiple of 31?
False
Is 30949316 a multiple of 14?
False
Does 3 divide 28255805?
False
Does 14 divide 5140103?
False
Is 2 a factor of 6176972?
True
Is 34325182 a multiple of 526?
True
Does 169 divide 17048535?
False
Is 8 a factor of 394875?
False
Is 26019840 a multiple of 484?
True
Is 72862632 a multiple of 36?
True
Is 981 a factor of 1971449?
False
Is 22706356 a multiple of 3?
False
Does 8 divide 11528675?
False
Is 7245 a factor of 2213757823?
False
Does 23 divide 17441609?
False
Is 2840048463 a multiple of 17?
False
Is 25 a factor of 427786545?
False
Is 15 a factor of 2266046865?
True
Is 197 a factor of 26213214?
True
Is 76382072 a multiple of 113?
False
Does 623 divide 1915458979?
True
Does 18 divide 218199330?
True
Is 363 a factor of 66868230?
True
Is 44816538 a multiple of 2658?
True
Is 8 a factor of 37639784?
True
Is 125454694 a multiple of 15?
False
Is 819868890 a multiple of 445?
True
Does 23 divide 3406810?
False
Is 82 a factor of 1655911936?
True
Is 37408378 a multiple of 67?
True
Does 2425 divide 22848350?
True
Is 4322 a factor of 1824520528?
False
Is 47550732 a multiple of 3?
True
Does 4016 divide 906093936?
True
Is 44515618 a multiple of 59?
True
Is 16 a factor of 372897076?
False
Is 603 a factor of 63701207?
False
Is 8 a factor of 35507104?
True
Is 162 a factor of 33599124?
True
Is 1708 a factor of 21099327?
False
Is 29 a factor of 26929023?
True
Does 7 divide 73742606?
True
Is 62852381 a multiple of 1139?
False
Does 2555 divide 26761070?
True
Is 84 a factor of 6538140?
True
Is 287 a factor of 295440861?
False
Does 72 divide 3059072568?
True
Is 5255460 a multiple of 11?
False
Does 4181 divide 403926410?
True
Does 654 divide 93805760?
False
Does 42 divide 5224296?
True
Does 20 divide 11146629?
False
Is 19 a factor of 14444177?
False
Does 15 divide 278680430?
False
Does 2156 divide 394734087?
False
Does 219 divide 226467900?
True
Is 163452366 a multiple of 231?
True
Is 10 a factor of 1274289015?
False
Is 428 a factor of 40416040?
True
Is 157 a factor of 1001922083?
False
Does 4065 divide 2356977248?
False
Is 29902652 a multiple of 52?
True
Does 10 divide 24851290?
True
Does 14 divide 5834748?
False
Is 17788159 a multiple of 1680?
False
Is 562101854 a multiple of 2714?
False
Is 3021966 a multiple of 5?
False
Is 9750926 a multiple of 11?
False
Is 469 a factor of 216832770?
True
Is 111 a factor of 3513256197?
False
Is 225565216 a multiple of 32?
True
Is 1532 a factor of 498278404?
True
Is 713 a factor of 10806753?
False
Is 81856658 a multiple of 13?
True
Is 6182516 a multiple of 27?
False
Does 26 divide 2231041045?
False
Does 1416 divide 89174016?
True
Is 71 a factor of 25141789?
False
Is 29 a factor of 247619079?
False
Does 552 divide 1254735744?
True
Does 9000 divide 619388218?
False
Is 5634396 a multiple of 106?
False
Is 58 a factor of 3379136939?
False
Does 702 divide 20367126?
True
Is 1114 a factor of 40480532?
True
Is 1456 a factor of 469258191?
False
Does 219 divide 1163120826?
True
Is 112 a factor of 67531520?
True
Is 32403185 a multiple of 3?
False
Is 8698 a factor of 1926789658?
True
Does 769 divide 1428685049?
False
Is 624020861 a multiple of 401?
False
Is 2797 a factor of 3305180596?
False
Is 276175275 a multiple of 25?
True
Is 268625524 a multiple of 896?
False
Is 74644472 a multiple of 331?
True
Is 151579398 a multiple of 18?
False
Does 327 divide 45359151?
True
Is 17448173 a multiple of 6?
False
Does 15 divide 480881370?
True
Is 1165 a factor of 294073915?
False
Is 4556110 a multiple of 8?
False
Is 47768551 a multiple of 61?
True
Does 436 divide 48464881?
False
Does 557 divide 1509325686?
False
Is 56576608 a multiple of 142?
False
Is 104 a factor of 33149896?
True
Is 7986376 a multiple of 296?
True
Is 18 a factor of 30836880?
True
Is 15037150 a multiple of 20?
False
Is 55 a factor of 64589580?
True
Is 100063209 a multiple of 3?
True
Is 267374240 a multiple of 1120?
True
Is 12 a factor of 713743020?
True
Is 356 a factor of 2205155802?
False
Is 18 a factor of 20212962?
False
Is 566 a factor of 240425658?
False
Is 61 a factor of 30891528?
False
Is 10 a factor of 263875570?
True
Is 289941050 a multiple of 791?
True
Is 561539820 a multiple of 20?
True
Is 341581443 a multiple of 48?
False
Does 36 divide 118642212?
True
Does 851 divide 676703286?
True
Does 125 divide 126928250?
True
Does 2 divide 393548729?
False
Does 4837 divide 1238853202?
False
Is 30 a factor of 62221410?
True
Is 341 a factor of 333867517?
False
Does 38 divide 1180740446?
True
Is 49 a factor of 555072?
True
Is 363521 a multiple of 3217?
True
Is 20 a factor of 3572720?
True
Does 33 divide 16615500?
True
Is 210 a factor of 1553819197?
False
Is 247 a factor of